4 = -4*t + 22, -2*u - 8 = 0. Let l(r) be the first derivative of r**3/3 - 13*r**2/2 - 17*r - 1616. What is l(t)?
-3
Let w = -258 + 271. Let f(v) = 1 + 23*v - w*v - 7*v + 25*v. Calculate f(1).
29
Suppose -22*u + 11*u = -66. Let i(s) = -s - 29. Let c(q) = -q - 35. Let k(m) = u*c(m) - 7*i(m). What is k(3)?
-4
Let h(b) = 20*b**3 + 6*b + 8. Let i(c) = -7*c**3 - 2*c - 3. Let p(g) = 6*h(g) + 17*i(g). Suppose -1962*d + 10 = -1957*d. What is p(d)?
9
Let n(b) = b**2 - b - 1. Let f be n(-1). Let o(g) = 19*g**3 - 6*g**2 + 64. Let p(u) = 34*u**3 - 10*u**2 + 107. Let s(r) = -5*o(r) + 3*p(r). Determine s(f).
8
Let g(z) be the third derivative of -7*z**6/12 + z**3/6 + 492*z**2. What is g(1)?
-69
Let b be (-130)/(-8) - (-13)/(-52). Let m(q) = -b + 33*q + 6 + 30*q - 64*q. Calculate m(5).
-15
Let c(z) = z**2 + 3*z - 6. Let j be c(2). Suppose 32 = j*p + 2*t, -2*t - 24 = -7*p + 3*p. Suppose 3*i = p*i. Let o(w) = w**3 + w**2 - w - 1. Give o(i).
-1
Suppose 30*g = 820 + 500. Let q(j) = -g - 30 - 45 - 9*j + 119. Give q(-1).
9
Let y(t) = -t + 1. Suppose 3*h = -4*h + 420. Suppose 61*q - h*q + 4 = 0. Determine y(q).
5
Let p(a) = a + 10. Suppose -5*d - 5*b + 452 = -48, 2*d = 5*b + 228. Suppose -56 = 111*t - d*t. Determine p(t).
2
Let y(z) = z**3 + z**2 - z - 24. Let v(d) = -116*d - 1856. Let l be v(-16). What is y(l)?
-24
Suppose 5*r = -w - 17, 3*w = 2*r - r + 13. Let t = -10 + 14. Let p(h) = -4 - w - h + t. Give p(-5).
2
Let f be 12 + (-20)/90*60 + 56/(-21). Let u(b) = 4*b - b - 4*b. Determine u(f).
4
Let b(v) = 735*v + 739*v + 740*v + v**2 + 24 - 2226*v. What is b(7)?
-11
Let g(b) = -40 + 121 - 59 + 6*b - 6*b + 2*b. Give g(-8).
6
Let w(n) = -n**2 - 7*n - 4. Let p be 4/(-22) - 180/(-22). Suppose 0 = -24*h + p*h + 80. Suppose h*c + 44 = -4*i, 6 = -i - 3*c - 12. Determine w(i).
2
Let i(s) = -11*s**2 + 1. Let f(y) = y**2 - 5*y + 9. Let h = -135 - -138. Let n be f(h). Suppose 4*b = 5*x + 3, 2*b = 3*x - 2*x + n. Give i(x).
-10
Let k(j) be the second derivative of j**3/2 - 7*j**2 - 266*j + 3. Calculate k(14).
28
Let i(c) be the first derivative of -4*c**2 + 4*c + 869. Calculate i(-4).
36
Let j(c) be the first derivative of c**2 - 13*c - 780. Give j(20).
27
Let a be ((-1)/2 - -2)*1920/90. Suppose -8 - a = 8*y. Let f(m) be the second derivative of m**3/6 - m**2/2 - 3*m. What is f(y)?
-6
Let c(n) = n**3 + 3*n**2 - 4*n - 5. Let f(t) = t**2 - 9*t - 26. Suppose 194 = l + 183. Let w be f(l). Calculate c(w).
-5
Let n(o) = 9*o + 2*o + 0*o - 2577 + 2738. What is n(-14)?
7
Let p(g) = -7*g**2 + 18*g + 18. Let s(j) = -5*j**2 + 9*j + 10. Let r(u) = 3*p(u) - 5*s(u). What is r(-4)?
32
Let c be (6/7)/((-207)/(-6279)). Let n(h) = -h**3 + 26*h**2 - 2*h + 55. Let j be n(c). Let m(b) = 4*b**2 - 5*b + 6. Give m(j).
27
Let s(a) = -a**2 - 12*a + 66. Let i be s(-16). Let o(d) = -6*d + 11*d - 1 - 15*d**i + 16*d**2 - 9*d. Determine o(-3).
20
Let z be 80/44 - ((-969)/187 + 5). Let r(g) = -10*g + 8. Give r(z).
-12
Let b(m) = m**3 - 4*m**2 - 7*m - 539. Let t be b(0). Let h = -542 - t. Let u(n) = 2*n - 2 + 4 - 3. What is u(h)?
-7
Let s be ((-2)/(-4))/((-8 + 2)/36). Let o(b) = b**3 + 3*b**2 - 2*b - 3. Let h be o(s). Let y(m) = 2*m**2 + 2*m - 1. Determine y(h).
23
Let u(p) = -6*p**2 - 3*p + 4. Let h be u(-5). Let w = h + 134. Let m(k) = k**3 - k**2 - 3*k + 4. What is m(w)?
13
Let r(j) = 6*j**2 - 6*j + 12. Let y(s) = -7*s**2 + 7*s - 11. Suppose 3*q = -5*i - 24, -5*q + 3*q = 3*i + 14. Let k(c) = i*r(c) - 5*y(c). Determine k(0).
-17
Let g(f) = f**3 - 95*f**2 + 92*f + 192. Let y be g(94). Let k(b) = -11*b + 37. What is k(y)?
-7
Let g(y) be the third derivative of y**3 + 1/24*y**4 + 0 - 64*y**2 + 0*y. Let q = 5 - 9. Calculate g(q).
2
Let h(v) = v**3 + 7*v**2 - v - 6. Suppose 2*m = -5*a - 5, m - 9 = 2*a + 2. What is h(a)?
33
Let i(q) = 48*q - 8. Let n(c) = 43*c - 7. Let h(o) = 6*i(o) - 7*n(o). What is h(3)?
-38
Suppose -9 + 1 = -2*l. Let v(u) = -u**2 - 3 + 84 - 86 + 5*u. Calculate v(l).
-1
Let c(z) be the second derivative of -11*z**3/2 - z**2 + 2*z - 280. Calculate c(2).
-68
Suppose 0 = -3*n - 9. Let o = n - -5. Suppose 0 = -4*c - o*v + v - 20, 5*v + 4 = 4*c. Let s(u) = u**3 + 2*u**2 - 6*u - 2. What is s(c)?
-10
Let x(t) = t**3 + 15*t**2 - 2*t - 1. Let z be x(-15). Let j(v) = -18*v + 5 - 10*v + z*v. Calculate j(-3).
2
Let q(z) = 21*z + 3 - 22*z + 4. Let a(c) = c**2 - c + 3. Let n be a(6). Suppose -35*t + n*t - 14 = 0. Give q(t).
14
Let s(u) = 10*u + 49. Suppose 12*m + 31 - 266 = 59*m. Determine s(m).
-1
Let r(z) = 8*z**2 - 2*z - 1. Suppose -5*t + 12 = -58. Let k be (-14)/(-10) - t/35. Suppose -3*d + 2*n = -k, -6*d + 2*d = 2*n + 8. Calculate r(d).
9
Suppose -24*r = -11*r + 117. Let z(p) = -9*p - 7 - 2*p**3 + 4 + 141*p**2 + p**3 - 151*p**2. What is z(r)?
-3
Let x(w) = 2 + 10*w + 2*w + 7*w**2 - 9*w. Let h(c) = -34*c**2 - 14*c - 10. Let z(d) = -3*h(d) - 14*x(d). Suppose 613*o = 626*o + 26. Give z(o).
18
Let s(d) = -2*d - 34. Let l be s(-19). Let x(w) = -7*w**3 - 15*w**2 - 15*w + 1. Let q(g) = 3*g**3 + 7*g**2 + 7*g - 1. Let n(y) = -9*q(y) - 4*x(y). What is n(l)?
9
Let a(c) be the first derivative of -8*c**2 - 50*c + 280. Calculate a(-3).
-2
Let b be (-6)/8 + (-2538)/(-376). Let y(l) = -l**3 + 6*l**2 - l + 18. What is y(b)?
12
Suppose 0*z - 4*z = 16, -5*x - 5*z = -130. Let n be 80/x*6/8. Let l(g) = -g**3 + 3*g**2 - 2*g - 1. Determine l(n).
-1
Let c(l) = -l**2 + 8*l + 10. Suppose 20 = 417*v - 415*v. Calculate c(v).
-10
Let t = -255 + 270. Let h(x) = -5*x + 21*x - 9 - t*x. Give h(15).
6
Let f(p) = -p**2 - 7*p - 8. Suppose 5*w = r - 20, -3*r = -3*w - 0*r. Let l be 3/((-15)/w)*-4. Calculate f(l).
4
Let z(c) be the third derivative of 5*c**4/24 + 4*c**3/3 + 41*c**2. Let y(o) = -16*o - 26. Let m(l) = 2*y(l) + 7*z(l). Determine m(-4).
-8
Let x(s) be the first derivative of -s**3/3 + 5*s**2 - 13*s - 1. Let o be x(9). Let n(t) = -4*t**2 + 603*t**3 + 2*t - 297*t**3 - 307*t**3 + 5. Calculate n(o).
-3
Let c(x) = -x**2 + 4*x + 8. Let m = -208 + 251. Suppose m*b + 37 - 295 = 0. Give c(b).
-4
Suppose 16*m - 6 + 86 = 0. Let k(f) = 4*f - 2. Give k(m).
-22
Suppose 4402*x = 4302*x. Let q(r) be the third derivative of x*r - 1/8*r**4 - 1/20*r**5 + 16*r**2 - 1/3*r**3 + 0. Determine q(-2).
-8
Let p(b) = 4*b + 17. Suppose 814 = -60*q + 134*q. Calculate p(q).
61
Suppose 4*a + 22 = 5*n + 3, 4*a = -5*n + 11. Suppose 5*w - 21 = 3*k, -k - 8 + n = -w. Let o(u) = w*u + 2*u - 2*u + 3 - 5*u. Give o(6).
-9
Let r(k) = -k + 11. Let l be r(0). Let n(q) be the third derivative of q**4/24 - 7*q**3/3 + 2*q**2 + 54*q + 15. Give n(l).
-3
Let m = -48 + 97. Suppose 0 = 3*q + 4*g - m, 2*q - 42 = -0*q + 2*g. Suppose -5*c + 4*i - q = 0, -1 = 4*c - 4*i + 15. Let k(h) = 2*h + 2. Give k(c).
-4
Suppose 8*b + 0 = -32. Let c(z) = -3*z**2 - 11*z - 6. Let k(u) = -10*u**2 - 36*u - 19. Let l(p) = 7*c(p) - 2*k(p). Calculate l(b).
0
Let z(x) be the first derivative of -11*x**3/3 + x - 195. What is z(2)?
-43
Let s(w) = -2*w**2 + 2*w + 4. Let p(v) = -245*v - 735. Let r be p(-3). Calculate s(r).
4
Let m(j) be the second derivative of -j**4/6 - j**3/2 - 7*j**2/2 + 916*j. Determine m(-3).
-16
Suppose -3589*v + 3418*v = 513. Suppose 2*w - 14 = -2*b, -4*b - 2*w = -7*b + 1. Let k(m) = 4 - 4*m - 3*m**2 - m**b + 4*m. Give k(v).
4
Let p(f) = -1981476*f - 9 + 1981477*f - 16*f**2 + 2*f**2 + f**3. Suppose -75 + 5 = -5*j. Determine p(j).
5
Let i = -2492 - -2488. Let b(n) = 16*n + 66. Calculate b(i).
2
Let l(m) = -m + 67*m**3 - 14*m**3 - 57*m**3 + 0*m. Suppose h - 2*z + 0*z - 2 = 0, 12 = 3*z. Let i(j) = -j + 11. Let o be i(h). Determine l(o).
-5
Let i(c) = 8*c + 56. Let t = 22549 + -22543. Calculate i(t).
104
Suppose 10*m - 20*m + 560 = 0. Let n(k) = -28 + m - 29 + k**2. Determine n(-2).
3
Let o = 5720 - 5734. Let w(c) = -13*c**2 + 0 + 13*c + 2*c**3 - 3*c**3 - 4 - 3. What is w(o)?
7
Let n be ((-3)/2)/((-18)/60). Suppose n*g = -4*b - 46, 4*g + 4*b = -8 - 32. Let r(y) = y**2 + 3*y - 1. Determine r(g).
17
Let j(m) = -m**2 + 23*m - 53. Let h be 8/14 - 8296/(-427). Let q be j(h). Let r(k) = k**3 - 7*k**2 + 2*k - 7. Calculate r(q).
7
Suppose 3*i = 13*i - 30. Suppose -i + 5 = 2*h. Let a(p) = 3*p - 4*p**2 - 8 - h + 6. Give a(2).
-13
Let z be (-594)/22*2/(-6) - 25. Let w(f) = f**2 + 17*f + 18. Give w(z).
2
Let b(u) be the second derivative of -3*u**3/2 - 2*u**2 - 4546*u. Determine b(0).
-4
Let y b